5*c. Let x be u(-5). Suppose -78 = -4*q - 5*z, x = 2*q - z + 14 - 60. Calculate the remainder when q is divided by 45/(-6)*16/(-10).
10
Suppose 4*j + 5*a - 2 = 10, a = 4*j - 12. Suppose 3*v = 5*x + 8, j*x = 6*v - v - 8. What is the remainder when v is divided by ((-3)/9)/(2/(-6))?
0
Suppose s + 56 = -2*f + 3*f, 5*f = -3*s - 192. Let v = -105 - s. What is the remainder when (2 + -3)/(2/v) is divided by 13?
10
Suppose 0 = -2*w + 3*w + o - 30, o + 1 = 0. Let l = w - 16. Let i(a) = -2*a - 2. What is the remainder when l is divided by i(-5)?
7
Let r(k) = k**2 + 6*k - 7. Suppose -2*l - 19 = -7. Let w be r(l). Let o = 14 + w. Calculate the remainder when 27 is divided by o.
6
Calculate the remainder when 16 is divided by 0 - (-11)/(11/6).
4
Let m = -7 - -23. Suppose 5*i + 6*v - 3*v = 146, 0 = i + 4*v - 19. What is the remainder when i is divided by m?
15
Let u(w) = w**3 + 2*w**2. Let g be u(-2). Suppose g = j - 11 - 15. Calculate the remainder when j is divided by (8/10)/(8/140).
12
Suppose -z + 4 = -19. Suppose -4*k + 6*k = 132. What is the remainder when k is divided by z?
20
Suppose 0 = u + u - 26. What is the remainder when 37 is divided by u?
11
Let s = 105 - 46. Suppose s = -5*m - 16. Let y = -11 - m. What is the remainder when y is divided by 3?
1
Let v(z) = 2*z**2 - 3*z + 2. Suppose -83 = 3*l - 5*d, -5*l + 0*d - 128 = 2*d. Let y = l + 46. What is the remainder when y is divided by v(3)?
9
Let v(s) = s**3 + 7*s**2 - s - 6. Let y be v(-7). Let n(x) = 6*x**2 + x + 1. Calculate the remainder when n(-3) is divided by -21*(-1)/y + -3.
16
What is the remainder when ((-5)/(-10) - 2)/(1/(-38)) is divided by 12?
9
Let o(j) = 0*j - 3 + 1 - 7*j. Suppose 0 = -0*r + 4*r + 8. Calculate the remainder when 34 is divided by o(r).
10
Suppose -5*h - 3*i = -362, -i + 2*i + 220 = 3*h. What is the remainder when h is divided by 7?
3
Let t = -1 + 1. Suppose 4*y - 88 + 20 = t. What is the remainder when y is divided by 6?
5
Let g(s) = 49*s + 2. Suppose 2*y - 41 = -5. Calculate the remainder when g(1) is divided by y.
15
Suppose -6*o + 9*o = -3. Let v = 17 + o. What is the remainder when 30 is divided by v?
14
Let b be (0 + -1)*2*-3. Suppose -v = -0*v - 3*u - 12, -2*v + 2 = 5*u. Calculate the remainder when (35 - 1)*3/b is divided by v.
5
Suppose 42 + 96 = 3*w. Calculate the remainder when w is divided by 8.
6
Suppose -29 = 2*n - 89. Let i = -92 + 100. What is the remainder when n is divided by i?
6
Let h = -73 - -110. Calculate the remainder when h is divided by 10.
7
Let l(m) = -m + 6. Let r be l(3). Suppose -3 - r = -3*s. Suppose -2*f = s*q - 8, f + 5*q = 5*f + 2. What is the remainder when 3 is divided by f?
1
Let u(k) be the third derivative of k**5/60 + k**4/24 - k**3/6 - k**2. Suppose -5*z + 2*z = -12. Calculate the remainder when u(-4) is divided by z.
3
Let k(v) = v**3 - 3*v**2 + v - 7. Calculate the remainder when 22 is divided by k(4).
9
Let r = -29 - -21. What is the remainder when 9 is divided by r/5*10/(-4)?
1
Let l = -20 + 39. Let z(d) = -d**2 + 6*d - 3. Calculate the remainder when l is divided by z(4).
4
What is the remainder when ((-23)/46)/(1 - 278/276) is divided by 12?
9
What is the remainder when 9/6*-1 - (-426)/4 is divided by 12?
9
Suppose 5*o = 184 + 86. Calculate the remainder when o is divided by 14.
12
Let a = 542 - 297. Suppose 2*d = 7*d - a. Let s(r) = -18*r**3 - r**2. What is the remainder when d is divided by s(-1)?
15
Let f = 12 + 2. What is the remainder when 25 is divided by f?
11
Let m be (0 - 1 - 1) + -1. Let r = 11 + m. Calculate the remainder when (-47)/(-3) - (-2)/(-3) is divided by r.
7
Suppose 2*s + 2 = -14. Suppose 2 = r + 2*l - 0, 0 = r + 4*l - 6. Let j = r - s. Calculate the remainder when 10 is divided by j.
4
Let l be (-8)/(-3)*3/2. Suppose -2*s - l = 0, 0 = b - 6*b + s + 392. Suppose 0 = 3*a + 15 - b. What is the remainder when 40 is divided by a?
19
Suppose -20 = -2*x + 4*u, 0 = -5*x - 3*u - 0*u + 50. Let o(f) = 2*f - 3. What is the remainder when o(x) is divided by 6?
5
Suppose -p - 103 = -17. Suppose -w + 2*l = w + 38, 3*w = -l - 37. Calculate the remainder when 22 is divided by p/(-7) - (-4)/w.
10
Let w(k) = -k**3 - 10*k**2 + 9*k - 3. What is the remainder when 94 is divided by w(-11)?
18
Suppose 0*h + 45 = 3*h. Suppose 3*z - 58 = z. Calculate the remainder when z is divided by h.
14
Calculate the remainder when 5/(110/4) + (-559)/(-11) is divided by 14.
9
Suppose 3*h - 130 = 2*n, -6*h + 3*h = 4*n - 100. What is the remainder when h is divided by 21?
19
Let z = 34 + -32. What is the remainder when (2 - 0)*1 - -1 is divided by z?
1
Let n(l) = l**2 - 2*l - 1. Suppose 2*s - 35 = -3*s. Calculate the remainder when n(s) is divided by 12.
10
Let t(x) = 5*x**2 + 2*x + 1. Calculate the remainder when t(-2) is divided by 4.
1
Let k(v) = v**3 + 10*v**2 - 13*v - 14. Let r(l) = 10*l**3 + 2*l - 1. Let w be r(1). Let a = 12 + w. Calculate the remainder when a is divided by k(-11).
7
Let x = 61 + -40. Let m(a) = a**3 - 5*a**2 + 3*a - 3. What is the remainder when x is divided by m(5)?
9
Let g be (-2 - (-9)/6)*-50. Suppose b = -r, 0 = 3*b - r - r - g. Suppose 253 + 42 = b*o. What is the remainder when o is divided by 20?
19
Calculate the remainder when 64 is divided by 0/7 + (-1 - -14).
12
What is the remainder when 28 is divided by (3/(-2) + 1)*-16?
4
Let z(t) = -t**3 + 6*t**2 + 5*t - 7. Let y be z(8). Let k = 136 + y. Calculate the remainder when k is divided by (-22)/4*6/(-3).
8
Suppose -16*h = -12 - 100. Suppose -6 = -3*u - 0*u. What is the remainder when (-1 - 18)/(u - 3) is divided by h?
5
Suppose 0*v + 32 = v. Let s(o) = 2*o - 1. Let r be 3 - -5 - (2 - 0). What is the remainder when v is divided by s(r)?
10
Let w = -32 + 69. Let n be (27/12)/((-6)/80). Let g = n - -43. What is the remainder when w is divided by g?
11
Let b be ((-3)/(-2))/(4/8). Suppose 4*g = b*j + 171, -2*j + 133 = 4*g - 13. Calculate the remainder when g is divided by 20.
19
Suppose 0 = -j + 3*j + 2, 3*n + 4*j = 5. What is the remainder when (14/(-21))/(2/(-15)) is divided by n?
2
Let b = -10 + 14. Suppose 0 = -f + 4, 3*c + 5*f - 17 = 9. Suppose -3*r - 5*x + 104 = 0, c*r + 71 = b*r + 5*x. What is the remainder when r is divided by 17?
16
Let x = 35 - 8. What is the remainder when 52 is divided by x?
25
Suppose -10*q + 252 = -318. Calculate the remainder when q is divided by 17.
6
Suppose 4*f - 8 = 0, -f - 174 = -5*o - 3*f. Let d(l) = l**2 - 3*l. What is the remainder when o is divided by d(6)?
16
Let x be (3 - 26/10)*50. What is the remainder when 525/x + 2/(-8) is divided by 7?
5
Suppose -39 - 27 = -6*x. What is the remainder when x is divided by 3?
2
Let u(z) = -z**2 + 12*z - 9. Let j be (1 + 2)/((-15)/(-50)). Suppose -1 = -s, -s = g + 4*g - 36. What is the remainder when u(j) is divided by g?
4
Suppose 2*n + 2*n = 12. Calculate the remainder when 36 is divided by n.
0
Suppose -4*z - 13 = 3. Let o = z - -6. What is the remainder when 9 is divided by o?
1
Suppose -5*j = 14 - 204. Calculate the remainder when 112 is divided by j.
36
Let c(i) = -i**3 - i**2 + 4*i - 11. What is the remainder when c(-5) is divided by 12?
9
Let i(v) = 11*v - 5. Let x be i(4). Suppose 0 = f - 2*u - 13, f + 2*f + u = x. What is the remainder when 25 is divided by f?
12
Let o be (34/(-6))/((-4)/(-12)). Let h = o - -24. What is the remainder when (-267)/(-21) + 2/7 is divided by h?
6
Suppose -3*u = -5*s - 13, -2*u + 5*s = -12 + 5. Let p(i) = 7*i - 4. Calculate the remainder when p(3) is divided by u.
5
Suppose -2*l + 14 = -4. Suppose -x = 3*z - 30, l - 1 = 2*z. What is the remainder when x is divided by 4?
2
Let t(l) = 5*l + 2. Let w be t(-1). Let g = 5 + w. Calculate the remainder when 6 is divided by g.
0
Suppose 39 = 2*s - 11. Calculate the remainder when 47 is divided by s.
22
Suppose 0 = -2*o + 6*o - 44. What is the remainder when 183/6 - (-6)/(-12) is divided by o?
8
Suppose -42 = b - 120. What is the remainder when b is divided by 10?
8
Let t(u) = 48*u. What is the remainder when t(2) is divided by 25?
21
Suppose -2*v = -d - d - 130, -d = -3*v + 205. Let j = -31 + v. What is the remainder when j is divided by 20?
19
Let i(x) = -x**3 - 19*x**2 + 18*x - 4. Calculate the remainder when i(-20) is divided by 14.
8
Suppose 7*t - 4*t + 6 = 0. What is the remainder when (58 - 4)